{"id":1819,"date":"2025-11-20T08:59:31","date_gmt":"2025-11-20T08:59:31","guid":{"rendered":"http:\/\/www.mustafaoztoprak.com\/?page_id=1819"},"modified":"2026-01-27T13:37:08","modified_gmt":"2026-01-27T13:37:08","slug":"e-kitaplar","status":"publish","type":"page","link":"https:\/\/www.mustafaoztoprak.com\/index.php\/e-kitaplar\/","title":{"rendered":"E-Kitaplar"},"content":{"rendered":"\n<ol class=\"wp-block-list\">\n<li><strong>Sorunlar\u0131n \u00c7\u00f6z\u00fcm\u00fcnde Nebevi Y\u00f6ntem, \u0130nsani Yard\u0131m Vakf\u0131 (\u0130.H.H.), \u0130stanbul, 2018.<a href=\"https:\/\/drive.google.com\/file\/d\/1p955Em4IUrSpgJHldLO2YPKVwhWgUWQO\/view?usp=sharing\"> &nbsp;indirebilirsiniz.<\/a><\/strong><\/li>\n\n\n\n<li><strong>Bizim Yunus<\/strong>, Eski\u015fehir Osmangazi \u00dcniversitesi Eski\u015fehir Kitapl\u0131\u011f\u0131, Eski\u015fehir, 2021, &#8220;<strong>Yunus Emre&#8217;nin Allah ve Peygamber Sevgisi&#8221;<\/strong> ss. 165-183. Kitap b\u00f6l\u00fcm\u00fcn\u00fc okuyabilirsiniz<a href=\"http:\/\/isamveri.org\/pdfdrg\/D293485\/2021\/2021_OZTOPRAK.pdf\">http:\/\/isamveri.org\/pdfdrg\/D293485\/2021\/2021_OZTOPRAK.pdf<\/a><\/li>\n\n\n\n<li><a href=\"http:\/\/www.mustafaoztoprak.com\/wp-content\/uploads\/2017\/05\/DOGRULUK-Ozu-Sozu-Bir-Olmak.pdf\">DO\u011eRULUK \u00d6z\u00fc S\u00f6z\u00fc Bir Olmak<\/a>, Diyanet \u0130\u015fleri Ba\u015fkanl\u0131\u011f\u0131 Yay\u0131nlar\u0131, s. 25-38, Ankara, 2022. <a href=\"https:\/\/drive.google.com\/file\/d\/1yy2MtQB4CkBYI5llHuZ7ozxW5CmOtuP3\/view?usp=sharing\">Okuyabilirsiniz.&nbsp;<\/a><\/li>\n\n\n\n<li><strong>End\u00fcl\u00fcs&#8217;te Hadis ve \u0130bn\u00fc&#8217;l-Harrat el-\u0130\u015fbili<\/strong>, Gece Kitapl\u0131\u011f\u0131. <a href=\"https:\/\/drive.google.com\/file\/d\/1Hx83rXhnsz03PNfi7ToJm421EFwtdL79\/view?usp=sharing\" data-type=\"link\" data-id=\"https:\/\/drive.google.com\/file\/d\/1Hx83rXhnsz03PNfi7ToJm421EFwtdL79\/view?usp=sharing\">\u0130ndirebilirsiniz<\/a><\/li>\n\n\n\n<li><strong>Farkl\u0131 Y\u00f6nleriyle End\u00fcl\u00fcs Hadis\u00e7ili\u011fi<\/strong>, Gece Kitapl\u0131\u011f\u0131. <a href=\"https:\/\/drive.google.com\/file\/d\/12uP4tKuNeHMmNogAk8k3RZmrMG4nALY7\/view?usp=sharing\" data-type=\"link\" data-id=\"https:\/\/drive.google.com\/file\/d\/12uP4tKuNeHMmNogAk8k3RZmrMG4nALY7\/view?usp=sharing\">\u0130ndirebilirsiniz<\/a><\/li>\n<\/ol>\n\n\n\n<p><\/p>\n","protected":false},"excerpt":{"rendered":"<p>Sorunlar\u0131n \u00c7\u00f6z\u00fcm\u00fcnde Nebevi Y\u00f6ntem, \u0130nsani Yard\u0131m Vakf\u0131 (\u0130.H.H.), \u0130stanbul, 2018. &nbsp;indirebilirsiniz. Bizim Yunus, Eski\u015fehir Osmangazi \u00dcniversitesi Eski\u015fehir Kitapl\u0131\u011f\u0131, Eski\u015fehir, 2021, &#8220;Yunus Emre&#8217;nin Allah ve Peygamber Sevgisi&#8221; ss. 165-183. Kitap b\u00f6l\u00fcm\u00fcn\u00fc okuyabilirsinizhttp:\/\/isamveri.org\/pdfdrg\/D293485\/2021\/2021_OZTOPRAK.pdf DO\u011eRULUK \u00d6z\u00fc S\u00f6z\u00fc Bir Olmak, Diyanet \u0130\u015fleri Ba\u015fkanl\u0131\u011f\u0131 Yay\u0131nlar\u0131, s. 25-38, Ankara, 2022. Okuyabilirsiniz.&nbsp; End\u00fcl\u00fcs&#8217;te Hadis ve \u0130bn\u00fc&#8217;l-Harrat el-\u0130\u015fbili, Gece Kitapl\u0131\u011f\u0131. \u0130ndirebilirsiniz Farkl\u0131 Y\u00f6nleriyle &hellip;<\/p>\n","protected":false},"author":1,"featured_media":0,"parent":0,"menu_order":0,"comment_status":"closed","ping_status":"closed","template":"","meta":{"footnotes":""},"class_list":["post-1819","page","type-page","status-publish","hentry"],"_links":{"self":[{"href":"https:\/\/www.mustafaoztoprak.com\/index.php\/wp-json\/wp\/v2\/pages\/1819","targetHints":{"allow":["GET"]}}],"collection":[{"href":"https:\/\/www.mustafaoztoprak.com\/index.php\/wp-json\/wp\/v2\/pages"}],"about":[{"href":"https:\/\/www.mustafaoztoprak.com\/index.php\/wp-json\/wp\/v2\/types\/page"}],"author":[{"embeddable":true,"href":"https:\/\/www.mustafaoztoprak.com\/index.php\/wp-json\/wp\/v2\/users\/1"}],"replies":[{"embeddable":true,"href":"https:\/\/www.mustafaoztoprak.com\/index.php\/wp-json\/wp\/v2\/comments?post=1819"}],"version-history":[{"count":8,"href":"https:\/\/www.mustafaoztoprak.com\/index.php\/wp-json\/wp\/v2\/pages\/1819\/revisions"}],"predecessor-version":[{"id":1839,"href":"https:\/\/www.mustafaoztoprak.com\/index.php\/wp-json\/wp\/v2\/pages\/1819\/revisions\/1839"}],"wp:attachment":[{"href":"https:\/\/www.mustafaoztoprak.com\/index.php\/wp-json\/wp\/v2\/media?parent=1819"}],"curies":[{"name":"wp","href":"https:\/\/api.w.org\/{rel}","templated":true}]}}